 factors of q(30).
3, 7, 13
Suppose 0*y - 2*y = -8. Suppose y*h = -h. Suppose 4*t + 5*a - 40 = h, 1 = -2*t + 3*t - a. What are the prime factors of t?
5
Let c = -50 + 72. Let w = 15 - c. Let q(s) = -2*s - 10. What are the prime factors of q(w)?
2
Let r = 6 - 2. Suppose z + r*w = -z + 30, 2*z + w = 36. List the prime factors of z.
19
Suppose -4*w + 20 = w, j - 4*w + 1 = 0. Let d = j + 12. List the prime factors of d.
3
Let z = -28 - -136. What are the prime factors of z?
2, 3
Let q(l) = 8*l**2 - l - 1. Let h be q(-1). Let w = -7 - -5. Let g = w + h. What are the prime factors of g?
2, 3
Let g = 2 + 1. Suppose g*t - 3 = -0*t. What are the prime factors of (-2 - -9) + (t - 0)?
2
Let x(m) = 2*m - 3*m - 2*m**2 + 3*m + 3*m**3. List the prime factors of x(2).
2, 5
Suppose -2*d + 2*l = -6, 4*d - 2 = -l - 0. Let j be (0/1)/(d + -2). Let s(m) = m + 2. What are the prime factors of s(j)?
2
Suppose 0 = -4*o - 2*j + 124, o - 5*o = 3*j - 126. List the prime factors of o.
2, 3, 5
Let b = 6 - 2. Suppose 0 = b*x + w - 64, -48 = 2*x - 5*x - 3*w. What are the prime factors of x?
2
Let z be 1/4 + 189/28. Suppose 8 = 9*l - z*l. Suppose -l*h - h = -45. What are the prime factors of h?
3
Suppose -86 - 210 = -3*i - 2*u, 2*u + 204 = 2*i. What are the prime factors of i?
2, 5
Let b(z) = z**2 - 2*z. Let d(r) = -r**3 + r**2 - r + 2. Let i be d(0). Let n be b(i). What are the prime factors of (1 + n)*(-3 + 9)?
2, 3
Let g(x) = x + 9. Let y be g(-4). Let q(u) = -u**2 + 5*u + 3. List the prime factors of q(y).
3
Let j(i) = i**3 - 2*i**2 - 2*i + 1. Let m be j(2). Let z be m + 4/6*-3. Let a(s) = s**3 + 4*s**2 - 8*s - 4. List the prime factors of a(z).
11
Suppose 269 = 2*c - 197. List the prime factors of c.
233
Let o = 5 - 11. Let w be (-1 + 7)*(-4)/o. Suppose -4*t - 5*h = -t - 26, t - 4 = -w*h. List the prime factors of t.
2, 3
Let d be (-25)/(-9) - (-14)/63. Suppose 4*t = -d*y + 7*y + 92, -5*y - 77 = -3*t. List the prime factors of (1 - 2) + t + 1.
19
Let b(n) = -n**3 - 7*n**2 + 8*n + 3. Let j be b(-8). Suppose -93 = -2*v + 5*p, -j*p = -0*v - v + 46. List the prime factors of v.
7
List the prime factors of (-1820)/30*(-54)/21.
2, 3, 13
Let g(d) = d**3 + 9*d**2 - d - 4. Let u = 6 + -15. List the prime factors of g(u).
5
List the prime factors of (-1 + -44)/(0 - 0 - 1).
3, 5
Let j = 290 - 205. List the prime factors of j.
5, 17
Suppose 7*j - 3*j = 8. Suppose -s = -j*g - 7, -g - 14 = -4*s - 0*s. List the prime factors of s.
3
Let b = 103 + -15. List the prime factors of b.
2, 11
Let z be 16/6*45/10. Let i be (0 + 3)/(z/(-32)). Let f = 12 + i. List the prime factors of f.
2
Suppose 7*b = 2*b + 175. Let l = -21 + b. What are the prime factors of l?
2, 7
Let j(p) = -p**3 - 8*p**2 + 11*p + 11. Let q be j(-9). Let n = 10 + q. List the prime factors of (2/n)/(4/78).
13
Suppose 2*j - 2 = 4, 5*s - 5*j + 5 = 0. Let v be (0 - -1) + 8/4. Suppose 0 = -s*h + v*h - 11. List the prime factors of h.
11
Let d = -431 - -822. List the prime factors of d.
17, 23
Let y be (-1 - -1) + -5 + 2. What are the prime factors of (0 + y)*14/(-6)?
7
Let o(c) = 4 + 0*c - 9*c**3 - c - 4. What are the prime factors of o(-1)?
2, 5
Let q(i) = 45*i + 9. What are the prime factors of q(9)?
2, 3, 23
Let k be (-22)/4 + (-2)/4. Let o = 9 + k. List the prime factors of o.
3
Suppose -2*m - 4*t = 0, -8 = 3*m - 5*t + 3. List the prime factors of 13 + 0 + 2 + m.
13
Let m(p) = p**2 - 6*p + 5. Let i be m(6). Suppose -2*f - 74 = -i*u, -46 = -4*u + 2*f - 7*f. List the prime factors of u.
2, 7
Suppose -159 - 471 = -5*d. What are the prime factors of d?
2, 3, 7
Let r(k) = 3*k**2 + k**2 - 7*k**2 + 8 + 2*k**2 + 8*k. What are the prime factors of r(5)?
23
Let z(r) = r**3 + 7*r**2 + 2*r - 6. Let c be z(-7). Let y = c - -8. Let s = -6 - y. List the prime factors of s.
2, 3
Suppose 5*p + 5*p = 1710. What are the prime factors of p?
3, 19
Let c = 17 + -11. What are the prime factors of c?
2, 3
Let s(l) = -31*l + 9. What are the prime factors of s(-6)?
3, 5, 13
Suppose 5*r + 3*p = 304, 3*p = 8 + 1. List the prime factors of r.
59
Suppose 0*u + 2*u + 2*n = 0, u + 16 = -5*n. Suppose 73 = u*g + 2*v - 5*v, 3*g - 56 = 2*v. What are the prime factors of g?
2, 11
Suppose -4*c + 286 - 14 = 0. What are the prime factors of c/3 + (-4)/6?
2, 11
Suppose -a = a - 4. What are the prime factors of a?
2
Suppose 5*f - 2*j = 476, -1 - 295 = -3*f - 4*j. What are the prime factors of f?
2, 3
Suppose 0*h - 3*h = -24. Suppose y + h = 5*y. List the prime factors of y.
2
Let l(x) = 7*x**3 + 2*x**2 - 1. Let n be (-18)/(-8) + (-12)/(-16). Suppose -t = -n*t + 2. What are the prime factors of l(t)?
2
Suppose 0 = -3*g - 0*g + 18. Let y(p) = -1 - 2 - 4*p + g*p + 5*p. List the prime factors of y(2).
11
Let z = 652 + -449. What are the prime factors of z?
7, 29
Let n(a) = 5*a**3 - 2*a**2 - 7*a - 33. Let t(q) = -3*q**3 + q**2 + 4*q + 17. Let r(v) = -4*n(v) - 7*t(v). What are the prime factors of r(0)?
13
Let r(k) = k**3 - 7*k**2 + 9*k - 9. List the prime factors of r(6).
3
Let r be 0 + 3 - 0/(-3). Let f(w) = 8*w + 4. What are the prime factors of f(r)?
2, 7
Suppose 0 = -3*k - 12, -4*k - 11 = -4*r + 5. Suppose 0 = 3*m - r*m - 42. List the prime factors of m.
2, 7
Let p(i) be the first derivative of i**4/4 - 5*i**3/3 + 3*i**2/2 - 8*i + 11. What are the prime factors of p(5)?
7
Let c(d) = 2*d - 8. Let f(b) = b - 8. Let q(p) = 2*c(p) - 3*f(p). Let g = -2 - -2. List the prime factors of q(g).
2
Suppose 96 = 4*b - 4*n, -5*b - 2*n = -n - 114. Suppose -b*r - 80 = -28*r. List the prime factors of r.
2
Let c = 177 - 139. List the prime factors of c.
2, 19
Let b(d) = -d**3 + 14*d**2 + 19*d - 1. Let o be b(15). Suppose 2*j - o = 13. What are the prime factors of j?
2, 3
Let n = 55 + -83. Let d = -18 - n. List the prime factors of d.
2, 5
Let i = 3 + 0. Let d(j) be the first derivative of -j**4/4 + 5*j**3/3 - 3*j**2/2 - 4*j - 1. What are the prime factors of d(i)?
5
Let o be 2/6*3 - -54. Suppose 6*j - o = j. What are the prime factors of j?
11
Let d(p) be the second derivative of p**5/20 + 2*p**4/3 - p**3/6 - p**2 - p. What are the prime factors of d(-8)?
2, 3
What are the prime factors of (1/(-2))/(1897/1904 + -1)?
2, 17
Let l(u) = 5*u - 1. What are the prime factors of l(5)?
2, 3
Let a be 0 + 6/3 + 39. Suppose -1 = -d - 2, -d = -5*w + a. Let b = w - 1. What are the prime factors of b?
7
Let f(n) = 19*n - 5. Let v be f(5). Suppose -10*s = -7*s - 9. Suppose -5*i + v = 2*a, -2*i + s*i + a - 21 = 0. List the prime factors of i.
2
Let q(r) = -6*r**2 + 17*r - 14. Let w(m) = 3*m**2 - 9*m + 7. Let j(y) = -3*q(y) - 5*w(y). Let h be j(5). Let b = h + -31. What are the prime factors of b?
3, 7
Let j be (-880)/(-14) - 2/(-14). Let w = j + -37. List the prime factors of w.
2, 13
List the prime factors of (8/(-10))/((-4)/240).
2, 3
Suppose 0 = d - 5*d + 64. List the prime factors of d.
2
Suppose h = 3*i - 171, -4*i - 2*h - 2*h = -228. List the prime factors of i.
3, 19
Let x(y) = 2*y + 2*y - 3*y. Let u be x(1). What are the prime factors of (0 - (u - 2))*9?
3
Let l = -5 - -5. Let v = l - -30. List the prime factors of v.
2, 3, 5
Suppose -h + 2*q = -9, -4*h = 5*q - q + 12. Let x = h - -16. List the prime factors of x.
17
List the prime factors of 8/(-2)*(-2 - -3) - -125.
11
Suppose -2*u - 37 = -253. What are the prime factors of u?
2, 3
Let q(u) = u**2 + 2. What are the prime factors of q(9)?
83
Let s = 186 - 124. List the prime factors of s.
2, 31
Let k(y) = y**3 + 7*y**2 - 10*y - 12. Let i be k(-8). Suppose i*g = 2*m - m + 65, -5*g = 3*m - 60. List the prime factors of g.
3, 5
Let u(o) = 18*o**2 - o + 1. List the prime factors of u(1).
2, 3
Suppose 4 - 34 = -5*p. Suppose 239 + p = 5*z. List the prime factors of z.
7
Let d(p) = -12*p + 5. Let c be d(4). Let t = -22 - c. What are the prime factors of t?
3, 7
Let c be ((-2)/(-6))/((-1)/(-51)). Suppose -5*s + 3 + c = 0. Suppose 0 = -s*a - 6 + 42. What are the prime factors of a?
3
Suppose -9 = -4*a + 87. Let r = a - 17. List the prime factors of r.
7
Suppose 0 = -6*q + q - 5*t + 365, 0 = -q - 4*t + 76. What are the prime factors of q?
2, 3
Let z = 2 - -22. Suppose 0 = 2*w - 4*w - z. Let t = w - -24. List the prime factors of t.
2, 3
Let x = 31 - 19. Suppose -5*z + 4 = -11. Suppose v + z*v - x = 0. What are the prime factors of v?
3
List the 